{"id":2184,"date":"2023-10-03T09:51:21","date_gmt":"2023-10-03T07:51:21","guid":{"rendered":"https:\/\/plancton.afundacion.org\/?post_type=evento&#038;p=2184"},"modified":"2024-04-26T18:41:16","modified_gmt":"2024-04-26T16:41:16","slug":"limpeza-de-lixo-marino-nas-praias-de-baldaio-e-razo","status":"publish","type":"evento","link":"https:\/\/plancton.afundacion.org\/gl\/evento\/limpeza-de-lixo-marino-nas-praias-de-baldaio-e-razo\/","title":{"rendered":"PLANCTON 2023. Limpeza de lixo mari\u00f1o nas praias de Baldaio e Razo"},"content":{"rendered":"\n<p>M\u00e1is de 160 estudantes e profesores do Centro de Formaci\u00f3n Profesional Afundaci\u00f3n da Coru\u00f1a participaron nesta xornada de retirada de residuos mari\u00f1os nas praias carbaiesas de Razo e Baldaio, un lugar moi sensible e cun importante valor medioambiental, no que cr\u00eda e unha especie tan emblem\u00e1tica e ameazada como a p\u00edllara das dunas (<em>Charadrius alexandrinus<\/em>).<\/p>\n\n\n\n<p>Durante o traballo de voluntariado, as persoas participantes retiraron principalmente obxectos pl\u00e1sticos de orixe terrestre facilmente reco\u00f1ecibles, como bolsas e envoltorios, numerosas tapas e tap\u00f3ns e bastonci\u00f1os pl\u00e1sticos de limpar os o\u00eddos, as\u00ed como restos de envases e botellas. Tam\u00e9n atoparon chisqueiros, moitas cabichas, bol\u00edgrafos, toalli\u00f1as ou o mango dun coitelo. Ademais, retir\u00e1ronse outra serie de obxectos relacionados coa actividade pesqueira, como unha maroma de m\u00e1is de 30 metros, restos de cordas e cabos, li\u00f1as de pesca enmara\u00f1adas, ou restos de boias e outras espumas pl\u00e1sticas, as\u00ed, ata completar os case 300 quilos que indicaba a pesada coa que conclu\u00edu a actividade.<\/p>\n\n\n\n<p>Con este tipo de actuaci\u00f3ns, este plan de conservaci\u00f3n territorial busca adem\u00e1is de contribu\u00edr a diminu\u00edr o impacto dos residuos no litoral, promover a conservaci\u00f3n e a sustentabilidade do conxunto de actividades sociais e econ\u00f3micas que se desenvolven no mar, especialmente en zonas como a desta xornada, de Especial Protecci\u00f3n das Aves dentro da Rede Natura 2000 de Galicia, todo iso de acordo co compromiso de ABANCA e a s\u00faa Obra Social cos Obxectivos de Desenvolvemento Sostible, especialmente cos ODS13 Acci\u00f3n Clim\u00e1tica, ODS14 Vida Submari\u00f1a e ODS17 Alianzas para acadar os obxectivos.<\/p>\n","protected":false},"excerpt":{"rendered":"<p>Nesta ocasi\u00f3n, PLANCTON despr\u00e1zase ata o concello coru\u00f1\u00e9s de Carballo para realizar unha nova xornada de voluntariado ambiental dedicada \u00e1 limpeza de areeiros. Ser\u00e1 nas praias de Baldaio e Razo, e o alumnado do Centro de Formaci\u00f3n Profesional Afundaci\u00f3n da Coru\u00f1a ser\u00e1 o protagonista da mesma.<\/p>\n<p>Coas iniciativas de voluntariado no \u00e1mbito do medio ambiente, Afundaci\u00f3n e ABANCA queren conseguir un impacto directo en catro Obxectivos de Desenvolvemento Sostible (ODS): ODS 10 \u00abReduci\u00f3n das desigualdades\u00bb, ODS 13 \u00abAcci\u00f3n polo clima\u00bb, ODS 14 \u00abVida submarina\u00bb e ODS 15 \u00abVida de ecosistemas terrestres\u00bb.<\/p>\n","protected":false},"featured_media":2185,"template":"","accion":[33],"class_list":["post-2184","evento","type-evento","status-publish","has-post-thumbnail","hentry","accion-retirada-de-residuos-en-praias-e-humedais"],"acf":[],"_links":{"self":[{"href":"https:\/\/plancton.afundacion.org\/gl\/wp-json\/wp\/v2\/evento\/2184","targetHints":{"allow":["GET"]}}],"collection":[{"href":"https:\/\/plancton.afundacion.org\/gl\/wp-json\/wp\/v2\/evento"}],"about":[{"href":"https:\/\/plancton.afundacion.org\/gl\/wp-json\/wp\/v2\/types\/evento"}],"wp:featuredmedia":[{"embeddable":true,"href":"https:\/\/plancton.afundacion.org\/gl\/wp-json\/wp\/v2\/media\/2185"}],"wp:attachment":[{"href":"https:\/\/plancton.afundacion.org\/gl\/wp-json\/wp\/v2\/media?parent=2184"}],"wp:term":[{"taxonomy":"accion","embeddable":true,"href":"https:\/\/plancton.afundacion.org\/gl\/wp-json\/wp\/v2\/accion?post=2184"}],"curies":[{"name":"wp","href":"https:\/\/api.w.org\/{rel}","templated":true}]}}

PLANCTON 2023. Limpeza de lixo mariño nas praias de Baldaio e Razo

<p>Máis de 160 estudantes e profesores do Centro de Formación Profesional Afundación da Coruña participaron nesta xornada de retirada de residuos mariños nas praias carbaiesas de Razo e Baldaio, un lugar moi sensible e cun importante valor medioambiental, no que cría e unha especie tan emblemática e ameazada como a píllara das dunas (<em>Charadrius alexandrinus</em>).</p>



<p>Durante o traballo de voluntariado, as persoas participantes retiraron principalmente obxectos plásticos de orixe terrestre facilmente recoñecibles, como bolsas e envoltorios, numerosas tapas e tapóns e bastonciños plásticos de limpar os oídos, así como restos de envases e botellas. Tamén atoparon chisqueiros, moitas cabichas, bolígrafos, toalliñas ou o mango dun coitelo. Ademais, retiráronse outra serie de obxectos relacionados coa actividade pesqueira, como unha maroma de máis de 30 metros, restos de cordas e cabos, liñas de pesca enmarañadas, ou restos de boias e outras espumas plásticas, así, ata completar os case 300 quilos que indicaba a pesada coa que concluíu a actividade.</p>



<p>Con este tipo de actuacións, este plan de conservación territorial busca ademáis de contribuír a diminuír o impacto dos residuos no litoral, promover a conservación e a sustentabilidade do conxunto de actividades sociais e económicas que se desenvolven no mar, especialmente en zonas como a desta xornada, de Especial Protección das Aves dentro da Rede Natura 2000 de Galicia, todo iso de acordo co compromiso de ABANCA e a súa Obra Social cos Obxectivos de Desenvolvemento Sostible, especialmente cos ODS13 Acción Climática, ODS14 Vida Submariña e ODS17 Alianzas para acadar os obxectivos.</p>

<p>Nesta ocasión, PLANCTON desprázase ata o concello coruñés de Carballo para realizar unha nova xornada de voluntariado ambiental dedicada á limpeza de areeiros. Será nas praias de Baldaio e Razo, e o alumnado do Centro de Formación Profesional Afundación da Coruña será o protagonista da mesma.</p>
<p>Coas iniciativas de voluntariado no ámbito do medio ambiente, Afundación e ABANCA queren conseguir un impacto directo en catro Obxectivos de Desenvolvemento Sostible (ODS): ODS 10 «Redución das desigualdades», ODS 13 «Acción polo clima», ODS 14 «Vida submarina» e ODS 15 «Vida de ecosistemas terrestres».</p>
