{"id":156,"date":"2021-06-19T11:14:00","date_gmt":"2021-06-19T09:14:00","guid":{"rendered":"https:\/\/plancton.codematic.xyz\/?post_type=evento&#038;p=156"},"modified":"2024-03-26T12:57:12","modified_gmt":"2024-03-26T11:57:12","slug":"actividad-formativa-sostenibilidad-economica-en-materia-pesquera-y-acuicola-en-malpica","status":"publish","type":"evento","link":"https:\/\/plancton.afundacion.org\/gl\/evento\/actividad-formativa-sostenibilidad-economica-en-materia-pesquera-y-acuicola-en-malpica\/","title":{"rendered":"Actividad formativa: Sostenibilidad econ\u00f3mica en materia pesquera y acu\u00edcola. En Malpica"},"content":{"rendered":"\n<p>Actividad formativa dirigida a redeiras, mariscadoras, pescantinas y otras trabajadoras y trabajadores del sector pesquero, con el objetivo de poner a su disposici\u00f3n toda una serie de conocimientos financieros que les&nbsp;permitan abordar su actividad econ\u00f3mica desde el punto de vista de la sostenibilidad.<\/p>\n\n\n\n<p><strong>Carlota S\u00e1nchez-Monta\u00f1a Puga<\/strong>, profesora de IESIDE,&nbsp;imparte la sesi\u00f3n junto con diversos profesionales de&nbsp;ABANCA Mar, en la sede de la&nbsp;<strong>Cofrad\u00eda de Pescadores de Malpica.&nbsp;<\/strong>En el transcurso de la formaci\u00f3n, de una manera pr\u00e1ctica y efectiva, se abordar\u00e1n temas relacionados con un mejor control de las finanzas, como la importancia de un buen presupuesto, la gesti\u00f3n de las deudas o la relevancia del ahorro y la planificaci\u00f3n a largo plazo, en la medida en que mayoritariamente el perfil de asistentes son profesionales dadas de alta como aut\u00f3nomas en el R\u00e9gimen Especial del Mar.<\/p>\n\n\n\n<p>PROGRAMA<\/p>\n\n\n\n<ul class=\"wp-block-list\">\n<li>Ahorro<\/li>\n\n\n\n<li>Subvenciones<\/li>\n\n\n\n<li>Financiaci\u00f3n<\/li>\n\n\n\n<li>Planes de negocio<\/li>\n\n\n\n<li>Instrumentos financieros<\/li>\n\n\n\n<li>Otros<\/li>\n<\/ul>\n\n\n\n<p>Dentro del programa PLANCTON de Afundaci\u00f3n y poniendo de manifiesto la relevancia de la educaci\u00f3n financiera en los colectivos profesionales del sector primario, nos fijamos el objetivo de poner a disposici\u00f3n de los profesionales de la pesca conocimientos financieros que les permitan tomar decisiones acertadas en el d\u00eda a d\u00eda y mejorar la sostenibilidad de sus actividades econ\u00f3micas.<br>En base a este objetivo se han puesto en marcha una serie de jornadas formativas que se inician el d\u00eda 15 de julio con este taller.<\/p>\n\n\n\n<p>El&nbsp;<strong>Plan de conservaci\u00f3n territorial-ON (PLANCTON)<\/strong>&nbsp;es un plan multidisciplinar con el objetivo principal de fomentar la conservaci\u00f3n y la sostenibilidad de las actividades socioecon\u00f3micas realizadas en el \u00e1rea de influencia de las ZEPA marinas de Galicia, Red Natura 2000 de \u00e1mbito marino competencia del Estado, tratando de inculcar una conciencia sostenible en todos los sectores sociales, especialmente en el pesquero.<\/p>\n\n\n\n<p><strong>Otras acciones realizadas con PLANCTON:<\/strong><\/p>\n\n\n\n<p>Limpieza de fondos Islote Guidoiro-Areoso [<a href=\"https:\/\/afundacion.org\/es\/agenda\/evento\/limpieza-de-fondos-no-illote-guidoiro-areoso-illa-de-arousa\">+INFO<\/a>]<br>Limpieza de playas Illa de Arousa [<a href=\"https:\/\/afundacion.org\/es\/agenda\/evento\/limpieza-del-arenal-de-carreiron-en-a-illa-de-arousa\">+INFO<\/a>]<br>Limpieza Illa de Cortegada [<a href=\"https:\/\/afundacion.org\/es\/agenda\/evento\/limpieza-de-arenales-en-illa-de-cortegada\">+INFO<\/a>]<br>Limpieza Praias de Razo, Baldaio e Punta do Sal [<a href=\"https:\/\/afundacion.org\/es\/agenda\/evento\/plancton-limpieza-de-arenales-en-razo-y-baldaio\">+INFO<\/a>]<br>Limpieza de defensas Illa de Arousa&nbsp;<a href=\"https:\/\/afundacion.org\/es\/agenda\/evento\/plancton-limpeza-de-defensas-nos-fondos-da-illa-de-arousa\" target=\"_blank\" rel=\"noreferrer noopener\">[+INFO<\/a>]<\/p>\n\n\n\n<p>Este proyecto cuenta con la colaboraci\u00f3n de la Fundaci\u00f3n Biodiversidad, del Ministerio para la Transici\u00f3n Ecol\u00f3gica y el Reto Demogr\u00e1fico, a trav\u00e9s del Programa Pleamar, cofinanciado por el FEMP, y complementario al proyecto LIFE-IP INTEMARES.<\/p>\n\n\n\n<p><strong><a href=\"https:\/\/afundacion.org\/es\/mas-social\/plancton\" target=\"_blank\" rel=\"noreferrer noopener\">+INFO<\/a><\/strong><\/p>\n","protected":false},"excerpt":{"rendered":"<p>Desde el programa PLANCTON ofrecemos a profesionales del mar una sesi\u00f3n sobre conocimientos financieros aplicables a su actividad, siempre desde la sostenibilidad<\/p>\n","protected":false},"featured_media":158,"template":"","accion":[23],"class_list":["post-156","evento","type-evento","status-publish","has-post-thumbnail","hentry","accion-acciones-formativas-informativas-y-materiales-expositivos-para-prevenir-la-generacion-de-basuras-marinas"],"acf":[],"_links":{"self":[{"href":"https:\/\/plancton.afundacion.org\/gl\/wp-json\/wp\/v2\/evento\/156","targetHints":{"allow":["GET"]}}],"collection":[{"href":"https:\/\/plancton.afundacion.org\/gl\/wp-json\/wp\/v2\/evento"}],"about":[{"href":"https:\/\/plancton.afundacion.org\/gl\/wp-json\/wp\/v2\/types\/evento"}],"wp:featuredmedia":[{"embeddable":true,"href":"https:\/\/plancton.afundacion.org\/gl\/wp-json\/wp\/v2\/media\/158"}],"wp:attachment":[{"href":"https:\/\/plancton.afundacion.org\/gl\/wp-json\/wp\/v2\/media?parent=156"}],"wp:term":[{"taxonomy":"accion","embeddable":true,"href":"https:\/\/plancton.afundacion.org\/gl\/wp-json\/wp\/v2\/accion?post=156"}],"curies":[{"name":"wp","href":"https:\/\/api.w.org\/{rel}","templated":true}]}}

Actividad formativa: Sostenibilidad económica en materia pesquera y acuícola. En Malpica

<p>Actividad formativa dirigida a redeiras, mariscadoras, pescantinas y otras trabajadoras y trabajadores del sector pesquero, con el objetivo de poner a su disposición toda una serie de conocimientos financieros que les&nbsp;permitan abordar su actividad económica desde el punto de vista de la sostenibilidad.</p>



<p><strong>Carlota Sánchez-Montaña Puga</strong>, profesora de IESIDE,&nbsp;imparte la sesión junto con diversos profesionales de&nbsp;ABANCA Mar, en la sede de la&nbsp;<strong>Cofradía de Pescadores de Malpica.&nbsp;</strong>En el transcurso de la formación, de una manera práctica y efectiva, se abordarán temas relacionados con un mejor control de las finanzas, como la importancia de un buen presupuesto, la gestión de las deudas o la relevancia del ahorro y la planificación a largo plazo, en la medida en que mayoritariamente el perfil de asistentes son profesionales dadas de alta como autónomas en el Régimen Especial del Mar.</p>



<p>PROGRAMA</p>



<ul class="wp-block-list">
<li>Ahorro</li>



<li>Subvenciones</li>



<li>Financiación</li>



<li>Planes de negocio</li>



<li>Instrumentos financieros</li>



<li>Otros</li>
</ul>



<p>Dentro del programa PLANCTON de Afundación y poniendo de manifiesto la relevancia de la educación financiera en los colectivos profesionales del sector primario, nos fijamos el objetivo de poner a disposición de los profesionales de la pesca conocimientos financieros que les permitan tomar decisiones acertadas en el día a día y mejorar la sostenibilidad de sus actividades económicas.<br>En base a este objetivo se han puesto en marcha una serie de jornadas formativas que se inician el día 15 de julio con este taller.</p>



<p>El&nbsp;<strong>Plan de conservación territorial-ON (PLANCTON)</strong>&nbsp;es un plan multidisciplinar con el objetivo principal de fomentar la conservación y la sostenibilidad de las actividades socioeconómicas realizadas en el área de influencia de las ZEPA marinas de Galicia, Red Natura 2000 de ámbito marino competencia del Estado, tratando de inculcar una conciencia sostenible en todos los sectores sociales, especialmente en el pesquero.</p>



<p><strong>Otras acciones realizadas con PLANCTON:</strong></p>



<p>Limpieza de fondos Islote Guidoiro-Areoso [<a href="https://afundacion.org/es/agenda/evento/limpieza-de-fondos-no-illote-guidoiro-areoso-illa-de-arousa">+INFO</a>]<br>Limpieza de playas Illa de Arousa [<a href="https://afundacion.org/es/agenda/evento/limpieza-del-arenal-de-carreiron-en-a-illa-de-arousa">+INFO</a>]<br>Limpieza Illa de Cortegada [<a href="https://afundacion.org/es/agenda/evento/limpieza-de-arenales-en-illa-de-cortegada">+INFO</a>]<br>Limpieza Praias de Razo, Baldaio e Punta do Sal [<a href="https://afundacion.org/es/agenda/evento/plancton-limpieza-de-arenales-en-razo-y-baldaio">+INFO</a>]<br>Limpieza de defensas Illa de Arousa&nbsp;<a href="https://afundacion.org/es/agenda/evento/plancton-limpeza-de-defensas-nos-fondos-da-illa-de-arousa" target="_blank" rel="noreferrer noopener">[+INFO</a>]</p>



<p>Este proyecto cuenta con la colaboración de la Fundación Biodiversidad, del Ministerio para la Transición Ecológica y el Reto Demográfico, a través del Programa Pleamar, cofinanciado por el FEMP, y complementario al proyecto LIFE-IP INTEMARES.</p>



<p><strong><a href="https://afundacion.org/es/mas-social/plancton" target="_blank" rel="noreferrer noopener">+INFO</a></strong></p>

<p>Desde el programa PLANCTON ofrecemos a profesionales del mar una sesión sobre conocimientos financieros aplicables a su actividad, siempre desde la sostenibilidad</p>
