{"id":146,"date":"2021-05-19T11:04:00","date_gmt":"2021-05-19T09:04:00","guid":{"rendered":"https:\/\/plancton.codematic.xyz\/?post_type=evento&#038;p=146"},"modified":"2024-03-26T12:59:34","modified_gmt":"2024-03-26T11:59:34","slug":"voluntariado-limpieza-de-arenales-en-illa-de-cortegada","status":"publish","type":"evento","link":"https:\/\/plancton.afundacion.org\/gl\/evento\/voluntariado-limpieza-de-arenales-en-illa-de-cortegada\/","title":{"rendered":"Voluntariado. Limpieza de arenales en Illa de Cortegada"},"content":{"rendered":"\n<p>Esta iniciativa se desarrolla el<strong>&nbsp;s\u00e1bado 29 de mayo<\/strong>&nbsp;en el Parque Nacional Mar\u00edtimo Terrestre de las Islas Atl\u00e1nticas de Galicia:&nbsp;<strong>Illa de Cortegada<\/strong>. Un grupo de voluntariado de ABANCA y de Afundaci\u00f3n procederemos a la retirada de basura y otros objetos que pueden llegar a amenazar la biodiversidad y los recursos de una zona tan rica como esta.<\/p>\n\n\n\n<p>El archipi\u00e9lago de Cortegada es un conjunto de islas e islotes, de relieve muy suelo, que se sit\u00faa en el interior de la r\u00eda de Arousa, en la desembocadura del r\u00edo Ulla, de manera que su car\u00e1cter estuarino lo mantiene totalmente diferenciado de las islas oce\u00e1nicas del Parque. Esta situaci\u00f3n, m\u00e1s protegida de la erosi\u00f3n marina, hace que sus fondos se recubran en mayor medida de arenas, muy aprovechadas por los habitantes de la zona para el cultivo de almeja. En el interior de la isla de Cortegada se mantiene una h\u00fameda formaci\u00f3n boscosa de laureles y otros \u00e1rboles aut\u00f3ctonos que circundan la aldea abandonada y su ermita. En la isla Malveira Grande, que es zona de reserva, se localiza uno de los escasos bosques de&nbsp;<em>cerqui\u00f1os<\/em>&nbsp;de la costa atl\u00e1ntica en \u00f3ptimas condiciones.<\/p>\n\n\n\n<p>Desde Afundaci\u00f3n desarrollamos desde el mes de abril las primeras acciones de limpieza de fondos y costas que ha previsto ejecutar a lo largo de todo este a\u00f1o en la costa gallega, dentro de su<strong>&nbsp;programa PLANCTON<\/strong>. Esta iniciativa, enmarcada en la estrategia de sostenibilidad de ABANCA y nuestras actividades de voluntariado medioambiental, tiene como objetivo principal fomentar la conservaci\u00f3n y la sostenibilidad de las actividades socioecon\u00f3micas realizadas en el \u00e1rea de influencia de las Zonas de Especial Protecci\u00f3n de Aves Marinas de Galicia (ZEPA), Red Natura 2000.<\/p>\n\n\n\n<p>PLANCTON cuenta con la colaboraci\u00f3n de la Fundaci\u00f3n Biodiversidad, del Ministerio para la Transici\u00f3n Ecol\u00f3gica y el Reto Demogr\u00e1fico, a trav\u00e9s del Programa Pleamar, cofinanciado por el FEMP, y complementaria al proyecto LIFE-IP INTEMARES.<\/p>\n\n\n\n<p><a href=\"https:\/\/afundacion.org\/es\/agenda\/evento\/mes-do-medio-ambiente.-actividades-xuo-2021\" target=\"_blank\" rel=\"noreferrer noopener\">INF\u00d3RMATE AQU\u00cd<\/a>&nbsp;sobre la programaci\u00f3n completa de junio como MES DEL MEDIOAMBIENTE.<\/p>\n","protected":false},"excerpt":{"rendered":"<p>Acci\u00f3n medioambiental dentro del programa de sostenibilidad PLANCTON para conservar el \u00e1rea de influencia de las Zonas de Especial Protecci\u00f3n de Aves Marinas de Galicia (ZEPA)<\/p>\n","protected":false},"featured_media":147,"template":"","accion":[21],"class_list":["post-146","evento","type-evento","status-publish","has-post-thumbnail","hentry","accion-retirada-de-residuos-en-playas-y-humedales"],"acf":[],"_links":{"self":[{"href":"https:\/\/plancton.afundacion.org\/gl\/wp-json\/wp\/v2\/evento\/146","targetHints":{"allow":["GET"]}}],"collection":[{"href":"https:\/\/plancton.afundacion.org\/gl\/wp-json\/wp\/v2\/evento"}],"about":[{"href":"https:\/\/plancton.afundacion.org\/gl\/wp-json\/wp\/v2\/types\/evento"}],"wp:featuredmedia":[{"embeddable":true,"href":"https:\/\/plancton.afundacion.org\/gl\/wp-json\/wp\/v2\/media\/147"}],"wp:attachment":[{"href":"https:\/\/plancton.afundacion.org\/gl\/wp-json\/wp\/v2\/media?parent=146"}],"wp:term":[{"taxonomy":"accion","embeddable":true,"href":"https:\/\/plancton.afundacion.org\/gl\/wp-json\/wp\/v2\/accion?post=146"}],"curies":[{"name":"wp","href":"https:\/\/api.w.org\/{rel}","templated":true}]}}

<p>Esta iniciativa se desarrolla el<strong>&nbsp;sábado 29 de mayo</strong>&nbsp;en el Parque Nacional Marítimo Terrestre de las Islas Atlánticas de Galicia:&nbsp;<strong>Illa de Cortegada</strong>. Un grupo de voluntariado de ABANCA y de Afundación procederemos a la retirada de basura y otros objetos que pueden llegar a amenazar la biodiversidad y los recursos de una zona tan rica como esta.</p>



<p>El archipiélago de Cortegada es un conjunto de islas e islotes, de relieve muy suelo, que se sitúa en el interior de la ría de Arousa, en la desembocadura del río Ulla, de manera que su carácter estuarino lo mantiene totalmente diferenciado de las islas oceánicas del Parque. Esta situación, más protegida de la erosión marina, hace que sus fondos se recubran en mayor medida de arenas, muy aprovechadas por los habitantes de la zona para el cultivo de almeja. En el interior de la isla de Cortegada se mantiene una húmeda formación boscosa de laureles y otros árboles autóctonos que circundan la aldea abandonada y su ermita. En la isla Malveira Grande, que es zona de reserva, se localiza uno de los escasos bosques de&nbsp;<em>cerquiños</em>&nbsp;de la costa atlántica en óptimas condiciones.</p>



<p>Desde Afundación desarrollamos desde el mes de abril las primeras acciones de limpieza de fondos y costas que ha previsto ejecutar a lo largo de todo este año en la costa gallega, dentro de su<strong>&nbsp;programa PLANCTON</strong>. Esta iniciativa, enmarcada en la estrategia de sostenibilidad de ABANCA y nuestras actividades de voluntariado medioambiental, tiene como objetivo principal fomentar la conservación y la sostenibilidad de las actividades socioeconómicas realizadas en el área de influencia de las Zonas de Especial Protección de Aves Marinas de Galicia (ZEPA), Red Natura 2000.</p>



<p>PLANCTON cuenta con la colaboración de la Fundación Biodiversidad, del Ministerio para la Transición Ecológica y el Reto Demográfico, a través del Programa Pleamar, cofinanciado por el FEMP, y complementaria al proyecto LIFE-IP INTEMARES.</p>



<p><a href="https://afundacion.org/es/agenda/evento/mes-do-medio-ambiente.-actividades-xuo-2021" target="_blank" rel="noreferrer noopener">INFÓRMATE AQUÍ</a>&nbsp;sobre la programación completa de junio como MES DEL MEDIOAMBIENTE.</p>

<p>Acción medioambiental dentro del programa de sostenibilidad PLANCTON para conservar el área de influencia de las Zonas de Especial Protección de Aves Marinas de Galicia (ZEPA)</p>
